{"id":794,"date":"2021-06-20T12:42:11","date_gmt":"2021-06-20T10:42:11","guid":{"rendered":"http:\/\/obwodnicamilicza.pl\/?page_id=794"},"modified":"2021-08-24T21:06:47","modified_gmt":"2021-08-24T19:06:47","slug":"galeria","status":"publish","type":"page","link":"http:\/\/obwodnicamilicza.pl\/index.php\/galeria\/","title":{"rendered":"Galeria"},"content":{"rendered":"\n<div class=\"rl-gallery-container rl-loading\" id=\"rl-gallery-container-1\" data-gallery_id=\"793\"> <div class=\"rl-gallery rl-basicgrid-gallery entry-content-width rl-hover-effect-5 rl-hover-icon-1\" id=\"rl-gallery-1\" data-gallery_no=\"1\"> <div class=\"rl-gallery-item\"><a href=\"http:\/\/obwodnicamilicza.pl\/wp-content\/uploads\/2021\/06\/warianty-scaled.jpg\" title=\"Warianty przebiegu\" data-rl_title=\"Warianty przebiegu\" class=\"rl-gallery-link\" data-rl_caption=\"\" data-rel=\"lightbox-gallery-1\"><img loading=\"lazy\" decoding=\"async\" src=\"http:\/\/obwodnicamilicza.pl\/wp-content\/uploads\/2021\/06\/warianty-300x212.jpg\" width=\"300\" height=\"212\" alt=\"\" \/><span class=\"rl-gallery-caption\"><span class=\"rl-gallery-item-title\">Warianty przebiegu<\/span><\/span><\/a><\/div><div class=\"rl-gallery-item\"><a href=\"http:\/\/obwodnicamilicza.pl\/wp-content\/uploads\/2021\/06\/ulica-Grzybowa-scaled.jpg\" title=\"ulica Grzybowa\" data-rl_title=\"ulica Grzybowa\" class=\"rl-gallery-link\" data-rl_caption=\"\" data-rel=\"lightbox-gallery-1\"><img loading=\"lazy\" decoding=\"async\" src=\"http:\/\/obwodnicamilicza.pl\/wp-content\/uploads\/2021\/06\/ulica-Grzybowa-300x225.jpg\" width=\"300\" height=\"225\" alt=\"\" \/><span class=\"rl-gallery-caption\"><span class=\"rl-gallery-item-title\">ulica Grzybowa<\/span><\/span><\/a><\/div><div class=\"rl-gallery-item\"><a href=\"http:\/\/obwodnicamilicza.pl\/wp-content\/uploads\/2021\/06\/Tomaszkow-scaled.jpg\" title=\"Tomaszk\u00f3w\" data-rl_title=\"Tomaszk\u00f3w\" class=\"rl-gallery-link\" data-rl_caption=\"\" data-rel=\"lightbox-gallery-1\"><img loading=\"lazy\" decoding=\"async\" src=\"http:\/\/obwodnicamilicza.pl\/wp-content\/uploads\/2021\/06\/Tomaszkow-300x225.jpg\" width=\"300\" height=\"225\" alt=\"\" \/><span class=\"rl-gallery-caption\"><span class=\"rl-gallery-item-title\">Tomaszk\u00f3w<\/span><\/span><\/a><\/div><div class=\"rl-gallery-item\"><a href=\"http:\/\/obwodnicamilicza.pl\/wp-content\/uploads\/2021\/06\/Swietoszyn-scaled.jpg\" title=\"\u015awi\u0119toszyn\" data-rl_title=\"\u015awi\u0119toszyn\" class=\"rl-gallery-link\" data-rl_caption=\"\" data-rel=\"lightbox-gallery-1\"><img loading=\"lazy\" decoding=\"async\" src=\"http:\/\/obwodnicamilicza.pl\/wp-content\/uploads\/2021\/06\/Swietoszyn-300x225.jpg\" width=\"300\" height=\"225\" alt=\"\" \/><span class=\"rl-gallery-caption\"><span class=\"rl-gallery-item-title\">\u015awi\u0119toszyn<\/span><\/span><\/a><\/div><div class=\"rl-gallery-item\"><a href=\"http:\/\/obwodnicamilicza.pl\/wp-content\/uploads\/2021\/06\/Sciezka-kolo-Tomaszkowa-scaled.jpg\" title=\"\u015acie\u017cka ko\u0142o Tomaszkowa\" data-rl_title=\"\u015acie\u017cka ko\u0142o Tomaszkowa\" class=\"rl-gallery-link\" data-rl_caption=\"\" data-rel=\"lightbox-gallery-1\"><img loading=\"lazy\" decoding=\"async\" src=\"http:\/\/obwodnicamilicza.pl\/wp-content\/uploads\/2021\/06\/Sciezka-kolo-Tomaszkowa-300x225.jpg\" width=\"300\" height=\"225\" alt=\"\" \/><span class=\"rl-gallery-caption\"><span class=\"rl-gallery-item-title\">\u015acie\u017cka ko\u0142o Tomaszkowa<\/span><\/span><\/a><\/div><div class=\"rl-gallery-item\"><a href=\"http:\/\/obwodnicamilicza.pl\/wp-content\/uploads\/2021\/06\/Sciezka-kolo-Kaszowa-scaled.jpg\" title=\"\u015acie\u017cka ko\u0142o Kaszowa\" data-rl_title=\"\u015acie\u017cka ko\u0142o Kaszowa\" class=\"rl-gallery-link\" data-rl_caption=\"\" data-rel=\"lightbox-gallery-1\"><img loading=\"lazy\" decoding=\"async\" src=\"http:\/\/obwodnicamilicza.pl\/wp-content\/uploads\/2021\/06\/Sciezka-kolo-Kaszowa-300x225.jpg\" width=\"300\" height=\"225\" alt=\"\" \/><span class=\"rl-gallery-caption\"><span class=\"rl-gallery-item-title\">\u015acie\u017cka ko\u0142o Kaszowa<\/span><\/span><\/a><\/div><div class=\"rl-gallery-item\"><a href=\"http:\/\/obwodnicamilicza.pl\/wp-content\/uploads\/2021\/06\/Ostoja-scaled.jpg\" title=\"Ostoja\" data-rl_title=\"Ostoja\" class=\"rl-gallery-link\" data-rl_caption=\"\" data-rel=\"lightbox-gallery-1\"><img loading=\"lazy\" decoding=\"async\" src=\"http:\/\/obwodnicamilicza.pl\/wp-content\/uploads\/2021\/06\/Ostoja-300x200.jpg\" width=\"300\" height=\"200\" alt=\"\" \/><span class=\"rl-gallery-caption\"><span class=\"rl-gallery-item-title\">Ostoja<\/span><\/span><\/a><\/div><div class=\"rl-gallery-item\"><a href=\"http:\/\/obwodnicamilicza.pl\/wp-content\/uploads\/2021\/06\/oczyszczalnia-scaled.jpg\" title=\"Oczyszczalnia\" data-rl_title=\"Oczyszczalnia\" class=\"rl-gallery-link\" data-rl_caption=\"\" data-rel=\"lightbox-gallery-1\"><img loading=\"lazy\" decoding=\"async\" src=\"http:\/\/obwodnicamilicza.pl\/wp-content\/uploads\/2021\/06\/oczyszczalnia-300x200.jpg\" width=\"300\" height=\"200\" alt=\"\" \/><span class=\"rl-gallery-caption\"><span class=\"rl-gallery-item-title\">Oczyszczalnia<\/span><\/span><\/a><\/div><div class=\"rl-gallery-item\"><a href=\"http:\/\/obwodnicamilicza.pl\/wp-content\/uploads\/2021\/06\/Mlynowka-scaled.jpg\" title=\"M\u0142yn\u00f3wka\" data-rl_title=\"M\u0142yn\u00f3wka\" class=\"rl-gallery-link\" data-rl_caption=\"\" data-rel=\"lightbox-gallery-1\"><img loading=\"lazy\" decoding=\"async\" src=\"http:\/\/obwodnicamilicza.pl\/wp-content\/uploads\/2021\/06\/Mlynowka-300x225.jpg\" width=\"300\" height=\"225\" alt=\"\" \/><span class=\"rl-gallery-caption\"><span class=\"rl-gallery-item-title\">M\u0142yn\u00f3wka<\/span><\/span><\/a><\/div><div class=\"rl-gallery-item\"><a href=\"http:\/\/obwodnicamilicza.pl\/wp-content\/uploads\/2021\/06\/las-pod-Tomaszkowem-scaled.jpg\" title=\"las pod Tomaszkowem\" data-rl_title=\"las pod Tomaszkowem\" class=\"rl-gallery-link\" data-rl_caption=\"\" data-rel=\"lightbox-gallery-1\"><img loading=\"lazy\" decoding=\"async\" src=\"http:\/\/obwodnicamilicza.pl\/wp-content\/uploads\/2021\/06\/las-pod-Tomaszkowem-300x225.jpg\" width=\"300\" height=\"225\" alt=\"\" \/><span class=\"rl-gallery-caption\"><span class=\"rl-gallery-item-title\">las pod Tomaszkowem<\/span><\/span><\/a><\/div><div class=\"rl-gallery-item\"><a href=\"http:\/\/obwodnicamilicza.pl\/wp-content\/uploads\/2021\/06\/Koruszka-scaled.jpg\" title=\"Koruszka\" data-rl_title=\"Koruszka\" class=\"rl-gallery-link\" data-rl_caption=\"\" data-rel=\"lightbox-gallery-1\"><img loading=\"lazy\" decoding=\"async\" src=\"http:\/\/obwodnicamilicza.pl\/wp-content\/uploads\/2021\/06\/Koruszka-300x225.jpg\" width=\"300\" height=\"225\" alt=\"\" \/><span class=\"rl-gallery-caption\"><span class=\"rl-gallery-item-title\">Koruszka<\/span><\/span><\/a><\/div><div class=\"rl-gallery-item\"><a href=\"http:\/\/obwodnicamilicza.pl\/wp-content\/uploads\/2021\/06\/Koruszka-Pracze-scaled.jpg\" title=\"Koruszka Pracze\" data-rl_title=\"Koruszka Pracze\" class=\"rl-gallery-link\" data-rl_caption=\"\" data-rel=\"lightbox-gallery-1\"><img loading=\"lazy\" decoding=\"async\" src=\"http:\/\/obwodnicamilicza.pl\/wp-content\/uploads\/2021\/06\/Koruszka-Pracze-300x225.jpg\" width=\"300\" height=\"225\" alt=\"\" \/><span class=\"rl-gallery-caption\"><span class=\"rl-gallery-item-title\">Koruszka Pracze<\/span><\/span><\/a><\/div><div class=\"rl-gallery-item\"><a href=\"http:\/\/obwodnicamilicza.pl\/wp-content\/uploads\/2021\/06\/Kaszowo-scaled.jpg\" title=\"Kaszowo\" data-rl_title=\"Kaszowo\" class=\"rl-gallery-link\" data-rl_caption=\"\" data-rel=\"lightbox-gallery-1\"><img loading=\"lazy\" decoding=\"async\" src=\"http:\/\/obwodnicamilicza.pl\/wp-content\/uploads\/2021\/06\/Kaszowo-300x225.jpg\" width=\"300\" height=\"225\" alt=\"\" \/><span class=\"rl-gallery-caption\"><span class=\"rl-gallery-item-title\">Kaszowo<\/span><\/span><\/a><\/div><div class=\"rl-gallery-item\"><a href=\"http:\/\/obwodnicamilicza.pl\/wp-content\/uploads\/2021\/06\/Kaszowo-dla-W3.jpg\" title=\"Kaszowo dla W3\" data-rl_title=\"Kaszowo dla W3\" class=\"rl-gallery-link\" data-rl_caption=\"\" data-rel=\"lightbox-gallery-1\"><img loading=\"lazy\" decoding=\"async\" src=\"http:\/\/obwodnicamilicza.pl\/wp-content\/uploads\/2021\/06\/Kaszowo-dla-W3-300x146.jpg\" width=\"300\" height=\"146\" alt=\"\" \/><span class=\"rl-gallery-caption\"><span class=\"rl-gallery-item-title\">Kaszowo dla W3<\/span><\/span><\/a><\/div><div class=\"rl-gallery-item\"><a href=\"http:\/\/obwodnicamilicza.pl\/wp-content\/uploads\/2021\/06\/Kaszowo-dla-W3-2.jpg\" title=\"Kaszowo dla W3 (2)\" data-rl_title=\"Kaszowo dla W3 (2)\" class=\"rl-gallery-link\" data-rl_caption=\"\" data-rel=\"lightbox-gallery-1\"><img loading=\"lazy\" decoding=\"async\" src=\"http:\/\/obwodnicamilicza.pl\/wp-content\/uploads\/2021\/06\/Kaszowo-dla-W3-2-300x141.jpg\" width=\"300\" height=\"141\" alt=\"\" \/><span class=\"rl-gallery-caption\"><span class=\"rl-gallery-item-title\">Kaszowo dla W3 (2)<\/span><\/span><\/a><\/div><div class=\"rl-gallery-item\"><a href=\"http:\/\/obwodnicamilicza.pl\/wp-content\/uploads\/2021\/06\/dojazd-Ostoja-scaled.jpg\" title=\"dojazd Ostoja\" data-rl_title=\"dojazd Ostoja\" class=\"rl-gallery-link\" data-rl_caption=\"\" data-rel=\"lightbox-gallery-1\"><img loading=\"lazy\" decoding=\"async\" src=\"http:\/\/obwodnicamilicza.pl\/wp-content\/uploads\/2021\/06\/dojazd-Ostoja-300x225.jpg\" width=\"300\" height=\"225\" alt=\"\" \/><span class=\"rl-gallery-caption\"><span class=\"rl-gallery-item-title\">dojazd Ostoja<\/span><\/span><\/a><\/div><div class=\"rl-gallery-item\"><a href=\"http:\/\/obwodnicamilicza.pl\/wp-content\/uploads\/2021\/06\/DK15-scaled.jpg\" title=\"DK15\" data-rl_title=\"DK15\" class=\"rl-gallery-link\" data-rl_caption=\"\" data-rel=\"lightbox-gallery-1\"><img loading=\"lazy\" decoding=\"async\" src=\"http:\/\/obwodnicamilicza.pl\/wp-content\/uploads\/2021\/06\/DK15-300x225.jpg\" width=\"300\" height=\"225\" alt=\"\" \/><span class=\"rl-gallery-caption\"><span class=\"rl-gallery-item-title\">DK15<\/span><\/span><\/a><\/div><div class=\"rl-gallery-item\"><a href=\"http:\/\/obwodnicamilicza.pl\/wp-content\/uploads\/2021\/06\/Barycz-scaled.jpg\" title=\"Barycz\" data-rl_title=\"Barycz\" class=\"rl-gallery-link\" data-rl_caption=\"\" data-rel=\"lightbox-gallery-1\"><img loading=\"lazy\" decoding=\"async\" src=\"http:\/\/obwodnicamilicza.pl\/wp-content\/uploads\/2021\/06\/Barycz-300x200.jpg\" width=\"300\" height=\"200\" alt=\"\" \/><span class=\"rl-gallery-caption\"><span class=\"rl-gallery-item-title\">Barycz<\/span><\/span><\/a><\/div><div class=\"rl-gallery-item\"><a href=\"http:\/\/obwodnicamilicza.pl\/wp-content\/uploads\/2021\/03\/SAM_8630.png\" title=\"\" data-rl_title=\"\" class=\"rl-gallery-link\" data-rl_caption=\"\" data-rel=\"lightbox-gallery-1\"><img loading=\"lazy\" decoding=\"async\" src=\"http:\/\/obwodnicamilicza.pl\/wp-content\/uploads\/2021\/03\/SAM_8630-300x198.png\" width=\"300\" height=\"198\" alt=\"\" \/><\/a><\/div> <\/div> <h4 class=\"rl-gallery-title\"><\/h4> <\/div>\n","protected":false},"excerpt":{"rendered":"","protected":false},"author":1,"featured_media":0,"parent":0,"menu_order":0,"comment_status":"closed","ping_status":"closed","template":"","meta":{"footnotes":""},"class_list":["post-794","page","type-page","status-publish","hentry"],"yoast_head":"<!-- This site is optimized with the Yoast SEO plugin v27.4 - https:\/\/yoast.com\/product\/yoast-seo-wordpress\/ -->\n<title>Galeria - Budowa obwodnicy Milicza DK15<\/title>\n<meta name=\"description\" content=\"Milicz, obwodnica Milicza, obwodnicamilicza, 100obwodnic, DK 15, DW 439, DW 448, spotkanie informacyjne, konsultacje spo\u0142eczne, warianty, przebieg trasy, IVIA, Dolina Baryczy, Kaszowo, Stawiec, K\u0105ty, \u015awi\u0119toszyn, Tomaszk\u00f3w, Mi\u0142ochowice, Koruszka, Wszewilki\" \/>\n<meta name=\"robots\" content=\"index, follow, max-snippet:-1, max-image-preview:large, max-video-preview:-1\" \/>\n<link rel=\"canonical\" href=\"http:\/\/obwodnicamilicza.pl\/index.php\/galeria\/\" \/>\n<meta property=\"og:locale\" content=\"pl_PL\" \/>\n<meta property=\"og:type\" content=\"article\" \/>\n<meta property=\"og:title\" content=\"Galeria - Budowa obwodnicy Milicza DK15\" \/>\n<meta property=\"og:description\" content=\"Milicz, obwodnica Milicza, obwodnicamilicza, 100obwodnic, DK 15, DW 439, DW 448, spotkanie informacyjne, konsultacje spo\u0142eczne, warianty, przebieg trasy, IVIA, Dolina Baryczy, Kaszowo, Stawiec, K\u0105ty, \u015awi\u0119toszyn, Tomaszk\u00f3w, Mi\u0142ochowice, Koruszka, Wszewilki\" \/>\n<meta property=\"og:url\" content=\"http:\/\/obwodnicamilicza.pl\/index.php\/galeria\/\" \/>\n<meta property=\"og:site_name\" content=\"Budowa obwodnicy Milicza DK15\" \/>\n<meta property=\"article:modified_time\" content=\"2021-08-24T19:06:47+00:00\" \/>\n<meta name=\"twitter:card\" content=\"summary_large_image\" \/>\n<meta name=\"twitter:label1\" content=\"Szacowany czas czytania\" \/>\n\t<meta name=\"twitter:data1\" content=\"1 minuta\" \/>\n<script type=\"application\/ld+json\" class=\"yoast-schema-graph\">{\"@context\":\"https:\\\/\\\/schema.org\",\"@graph\":[{\"@type\":\"WebPage\",\"@id\":\"http:\\\/\\\/obwodnicamilicza.pl\\\/index.php\\\/galeria\\\/\",\"url\":\"http:\\\/\\\/obwodnicamilicza.pl\\\/index.php\\\/galeria\\\/\",\"name\":\"Galeria - Budowa obwodnicy Milicza DK15\",\"isPartOf\":{\"@id\":\"http:\\\/\\\/obwodnicamilicza.pl\\\/#website\"},\"datePublished\":\"2021-06-20T10:42:11+00:00\",\"dateModified\":\"2021-08-24T19:06:47+00:00\",\"description\":\"Milicz, obwodnica Milicza, obwodnicamilicza, 100obwodnic, DK 15, DW 439, DW 448, spotkanie informacyjne, konsultacje spo\u0142eczne, warianty, przebieg trasy, IVIA, Dolina Baryczy, Kaszowo, Stawiec, K\u0105ty, \u015awi\u0119toszyn, Tomaszk\u00f3w, Mi\u0142ochowice, Koruszka, Wszewilki\",\"breadcrumb\":{\"@id\":\"http:\\\/\\\/obwodnicamilicza.pl\\\/index.php\\\/galeria\\\/#breadcrumb\"},\"inLanguage\":\"pl-PL\",\"potentialAction\":[{\"@type\":\"ReadAction\",\"target\":[\"http:\\\/\\\/obwodnicamilicza.pl\\\/index.php\\\/galeria\\\/\"]}]},{\"@type\":\"BreadcrumbList\",\"@id\":\"http:\\\/\\\/obwodnicamilicza.pl\\\/index.php\\\/galeria\\\/#breadcrumb\",\"itemListElement\":[{\"@type\":\"ListItem\",\"position\":1,\"name\":\"Strona g\u0142\u00f3wna\",\"item\":\"http:\\\/\\\/obwodnicamilicza.pl\\\/\"},{\"@type\":\"ListItem\",\"position\":2,\"name\":\"Galeria\"}]},{\"@type\":\"WebSite\",\"@id\":\"http:\\\/\\\/obwodnicamilicza.pl\\\/#website\",\"url\":\"http:\\\/\\\/obwodnicamilicza.pl\\\/\",\"name\":\"Budowa obwodnicy Milicza DK15\",\"description\":\"Budowa obwodnicy Milicza w ci\u0105gu drogi krajowej nr 15\",\"publisher\":{\"@id\":\"http:\\\/\\\/obwodnicamilicza.pl\\\/#organization\"},\"potentialAction\":[{\"@type\":\"SearchAction\",\"target\":{\"@type\":\"EntryPoint\",\"urlTemplate\":\"http:\\\/\\\/obwodnicamilicza.pl\\\/?s={search_term_string}\"},\"query-input\":{\"@type\":\"PropertyValueSpecification\",\"valueRequired\":true,\"valueName\":\"search_term_string\"}}],\"inLanguage\":\"pl-PL\"},{\"@type\":\"Organization\",\"@id\":\"http:\\\/\\\/obwodnicamilicza.pl\\\/#organization\",\"name\":\"Budowa obwodnicy Milicza DK15\",\"url\":\"http:\\\/\\\/obwodnicamilicza.pl\\\/\",\"logo\":{\"@type\":\"ImageObject\",\"inLanguage\":\"pl-PL\",\"@id\":\"http:\\\/\\\/obwodnicamilicza.pl\\\/#\\\/schema\\\/logo\\\/image\\\/\",\"url\":\"http:\\\/\\\/obwodnicamilicza.pl\\\/wp-content\\\/uploads\\\/2021\\\/06\\\/cropped-100_obwodnic_kolor.png\",\"contentUrl\":\"http:\\\/\\\/obwodnicamilicza.pl\\\/wp-content\\\/uploads\\\/2021\\\/06\\\/cropped-100_obwodnic_kolor.png\",\"width\":290,\"height\":38,\"caption\":\"Budowa obwodnicy Milicza DK15\"},\"image\":{\"@id\":\"http:\\\/\\\/obwodnicamilicza.pl\\\/#\\\/schema\\\/logo\\\/image\\\/\"}}]}<\/script>\n<!-- \/ Yoast SEO plugin. -->","yoast_head_json":{"title":"Galeria - Budowa obwodnicy Milicza DK15","description":"Milicz, obwodnica Milicza, obwodnicamilicza, 100obwodnic, DK 15, DW 439, DW 448, spotkanie informacyjne, konsultacje spo\u0142eczne, warianty, przebieg trasy, IVIA, Dolina Baryczy, Kaszowo, Stawiec, K\u0105ty, \u015awi\u0119toszyn, Tomaszk\u00f3w, Mi\u0142ochowice, Koruszka, Wszewilki","robots":{"index":"index","follow":"follow","max-snippet":"max-snippet:-1","max-image-preview":"max-image-preview:large","max-video-preview":"max-video-preview:-1"},"canonical":"http:\/\/obwodnicamilicza.pl\/index.php\/galeria\/","og_locale":"pl_PL","og_type":"article","og_title":"Galeria - Budowa obwodnicy Milicza DK15","og_description":"Milicz, obwodnica Milicza, obwodnicamilicza, 100obwodnic, DK 15, DW 439, DW 448, spotkanie informacyjne, konsultacje spo\u0142eczne, warianty, przebieg trasy, IVIA, Dolina Baryczy, Kaszowo, Stawiec, K\u0105ty, \u015awi\u0119toszyn, Tomaszk\u00f3w, Mi\u0142ochowice, Koruszka, Wszewilki","og_url":"http:\/\/obwodnicamilicza.pl\/index.php\/galeria\/","og_site_name":"Budowa obwodnicy Milicza DK15","article_modified_time":"2021-08-24T19:06:47+00:00","twitter_card":"summary_large_image","twitter_misc":{"Szacowany czas czytania":"1 minuta"},"schema":{"@context":"https:\/\/schema.org","@graph":[{"@type":"WebPage","@id":"http:\/\/obwodnicamilicza.pl\/index.php\/galeria\/","url":"http:\/\/obwodnicamilicza.pl\/index.php\/galeria\/","name":"Galeria - Budowa obwodnicy Milicza DK15","isPartOf":{"@id":"http:\/\/obwodnicamilicza.pl\/#website"},"datePublished":"2021-06-20T10:42:11+00:00","dateModified":"2021-08-24T19:06:47+00:00","description":"Milicz, obwodnica Milicza, obwodnicamilicza, 100obwodnic, DK 15, DW 439, DW 448, spotkanie informacyjne, konsultacje spo\u0142eczne, warianty, przebieg trasy, IVIA, Dolina Baryczy, Kaszowo, Stawiec, K\u0105ty, \u015awi\u0119toszyn, Tomaszk\u00f3w, Mi\u0142ochowice, Koruszka, Wszewilki","breadcrumb":{"@id":"http:\/\/obwodnicamilicza.pl\/index.php\/galeria\/#breadcrumb"},"inLanguage":"pl-PL","potentialAction":[{"@type":"ReadAction","target":["http:\/\/obwodnicamilicza.pl\/index.php\/galeria\/"]}]},{"@type":"BreadcrumbList","@id":"http:\/\/obwodnicamilicza.pl\/index.php\/galeria\/#breadcrumb","itemListElement":[{"@type":"ListItem","position":1,"name":"Strona g\u0142\u00f3wna","item":"http:\/\/obwodnicamilicza.pl\/"},{"@type":"ListItem","position":2,"name":"Galeria"}]},{"@type":"WebSite","@id":"http:\/\/obwodnicamilicza.pl\/#website","url":"http:\/\/obwodnicamilicza.pl\/","name":"Budowa obwodnicy Milicza DK15","description":"Budowa obwodnicy Milicza w ci\u0105gu drogi krajowej nr 15","publisher":{"@id":"http:\/\/obwodnicamilicza.pl\/#organization"},"potentialAction":[{"@type":"SearchAction","target":{"@type":"EntryPoint","urlTemplate":"http:\/\/obwodnicamilicza.pl\/?s={search_term_string}"},"query-input":{"@type":"PropertyValueSpecification","valueRequired":true,"valueName":"search_term_string"}}],"inLanguage":"pl-PL"},{"@type":"Organization","@id":"http:\/\/obwodnicamilicza.pl\/#organization","name":"Budowa obwodnicy Milicza DK15","url":"http:\/\/obwodnicamilicza.pl\/","logo":{"@type":"ImageObject","inLanguage":"pl-PL","@id":"http:\/\/obwodnicamilicza.pl\/#\/schema\/logo\/image\/","url":"http:\/\/obwodnicamilicza.pl\/wp-content\/uploads\/2021\/06\/cropped-100_obwodnic_kolor.png","contentUrl":"http:\/\/obwodnicamilicza.pl\/wp-content\/uploads\/2021\/06\/cropped-100_obwodnic_kolor.png","width":290,"height":38,"caption":"Budowa obwodnicy Milicza DK15"},"image":{"@id":"http:\/\/obwodnicamilicza.pl\/#\/schema\/logo\/image\/"}}]}},"_links":{"self":[{"href":"http:\/\/obwodnicamilicza.pl\/index.php\/wp-json\/wp\/v2\/pages\/794","targetHints":{"allow":["GET"]}}],"collection":[{"href":"http:\/\/obwodnicamilicza.pl\/index.php\/wp-json\/wp\/v2\/pages"}],"about":[{"href":"http:\/\/obwodnicamilicza.pl\/index.php\/wp-json\/wp\/v2\/types\/page"}],"author":[{"embeddable":true,"href":"http:\/\/obwodnicamilicza.pl\/index.php\/wp-json\/wp\/v2\/users\/1"}],"replies":[{"embeddable":true,"href":"http:\/\/obwodnicamilicza.pl\/index.php\/wp-json\/wp\/v2\/comments?post=794"}],"version-history":[{"count":1,"href":"http:\/\/obwodnicamilicza.pl\/index.php\/wp-json\/wp\/v2\/pages\/794\/revisions"}],"predecessor-version":[{"id":795,"href":"http:\/\/obwodnicamilicza.pl\/index.php\/wp-json\/wp\/v2\/pages\/794\/revisions\/795"}],"wp:attachment":[{"href":"http:\/\/obwodnicamilicza.pl\/index.php\/wp-json\/wp\/v2\/media?parent=794"}],"curies":[{"name":"wp","href":"https:\/\/api.w.org\/{rel}","templated":true}]}}